{"id":7,"date":"2020-09-10T18:06:11","date_gmt":"2020-09-10T18:06:11","guid":{"rendered":"https:\/\/wp.carbonero-tapas.de\/?page_id=7"},"modified":"2020-09-14T17:54:21","modified_gmt":"2020-09-14T17:54:21","slug":"ueber-uns","status":"publish","type":"page","link":"https:\/\/wp.carbonero-tapas.de\/?page_id=7","title":{"rendered":"\u00dcber uns"},"content":{"rendered":"\n<p>Wir verw\u00f6hnen Sie gerne mit leckeren Tapas und weiteren spanischen Delikatessen. Wir bieten ein sch\u00f6n und stilvoll gestaltetes Ambiente, in dem man entspannen und genie\u00dfen kann.<\/p>\n\n\n\n<p>Aus Liebe zum Detail und zur Authentizit\u00e4t befolgen wir bei unserer K\u00fcche einige Spielregeln. So stammen alle unsere K\u00f6che aus Spanien, mit viel Erfahrung aus der Heimat. Wir verwenden grunds\u00e4tzlich keine F\u00e4rbungsmittel oder andere Zusatzstoffe, sondern bringen die nat\u00fcrlichen Aromen der Speisen zur Geltung.<\/p>\n\n\n\n<p>Iberische Delikatessen importieren wir direkt, ansonsten produziert und veredelt unsere K\u00fcche sehr viel selbst: vom hausgemachten Brot \u00fcber selbst gebeizte Speisen bis hin zu von uns ger\u00e4ucherten Salzen.<\/p>\n\n\n\n<p>Genie\u00dfen Sie bei uns Vorspeisen, Desserts, Tapas, Fisch und Fleischspezialit\u00e4ten bis hin zum 1000 Gramm schweren Tomahawk Steak vom Holzkohlengrill!<\/p>\n","protected":false},"excerpt":{"rendered":"<p>Wir verw\u00f6hnen Sie gerne mit leckeren Tapas und weiteren spanischen Delikatessen. Wir bieten ein sch\u00f6n und stilvoll gestaltetes Ambiente, in dem man entspannen und genie\u00dfen kann. Aus Liebe zum Detail und zur Authentizit\u00e4t befolgen wir bei unserer K\u00fcche einige Spielregeln. So stammen alle unsere K\u00f6che aus Spanien, mit viel Erfahrung aus der Heimat. Wir verwenden&hellip; <br \/> <a class=\"read-more\" href=\"https:\/\/wp.carbonero-tapas.de\/?page_id=7\">Weiterlesen<\/a><\/p>\n","protected":false},"author":1,"featured_media":54,"parent":49,"menu_order":0,"comment_status":"closed","ping_status":"closed","template":"","meta":{"footnotes":""},"class_list":["post-7","page","type-page","status-publish","has-post-thumbnail","hentry"],"_links":{"self":[{"href":"https:\/\/wp.carbonero-tapas.de\/index.php?rest_route=\/wp\/v2\/pages\/7","targetHints":{"allow":["GET"]}}],"collection":[{"href":"https:\/\/wp.carbonero-tapas.de\/index.php?rest_route=\/wp\/v2\/pages"}],"about":[{"href":"https:\/\/wp.carbonero-tapas.de\/index.php?rest_route=\/wp\/v2\/types\/page"}],"author":[{"embeddable":true,"href":"https:\/\/wp.carbonero-tapas.de\/index.php?rest_route=\/wp\/v2\/users\/1"}],"replies":[{"embeddable":true,"href":"https:\/\/wp.carbonero-tapas.de\/index.php?rest_route=%2Fwp%2Fv2%2Fcomments&post=7"}],"version-history":[{"count":2,"href":"https:\/\/wp.carbonero-tapas.de\/index.php?rest_route=\/wp\/v2\/pages\/7\/revisions"}],"predecessor-version":[{"id":51,"href":"https:\/\/wp.carbonero-tapas.de\/index.php?rest_route=\/wp\/v2\/pages\/7\/revisions\/51"}],"up":[{"embeddable":true,"href":"https:\/\/wp.carbonero-tapas.de\/index.php?rest_route=\/wp\/v2\/pages\/49"}],"wp:featuredmedia":[{"embeddable":true,"href":"https:\/\/wp.carbonero-tapas.de\/index.php?rest_route=\/wp\/v2\/media\/54"}],"wp:attachment":[{"href":"https:\/\/wp.carbonero-tapas.de\/index.php?rest_route=%2Fwp%2Fv2%2Fmedia&parent=7"}],"curies":[{"name":"wp","href":"https:\/\/api.w.org\/{rel}","templated":true}]}}